 -339 + 474. Let c be (49/14 - -4)*42. What is the highest common divisor of c and a?
45
Suppose -154*w - 3*a = -157*w + 84, -4*w + 58 = 5*a. What is the highest common factor of w and 18?
2
Let j(f) = f + 297. Let u be j(0). Let r = -227140 - -227162. What is the highest common factor of r and u?
11
Let a(j) = -j**2 - 2*j - 7. Let s be a(-5). Let m = s + -128. Let r be ((-2)/6)/(10/m). Calculate the greatest common factor of r and 25.
5
Let y(z) = 86*z - 1282. Let g be y(20). Calculate the greatest common divisor of g and 48.
6
Suppose q - 25 = -0*q + 3*x, 90 = 2*q + 4*x. Suppose -2*a + 11 = -q. Let n be 32/112 + (-52)/(-14). Calculate the highest common factor of n and a.
4
Let g be (4/16)/(2/16). Suppose 3*x + 3*b + 0*b - 69 = 0, -4*x + 100 = g*b. Let k be (-2)/8 - 407/(-44). Calculate the highest common factor of x and k.
9
Let f(o) = -o**3 + 6*o**2 + 27*o - 21. Let t be 425/255 - 1/(3/(-16)). Let m be f(t). Calculate the greatest common divisor of m and 68.
17
Let q(f) = -60*f + 20 + 283*f**2 + 274*f**2 - f**3 - 589*f**2. Let g be q(-30). What is the highest common factor of g and 1060?
20
Let k = 80 - 77. Suppose t = -z + k*z - 4, 0 = t - z. Let w be -1*((-232)/t + 5). Calculate the greatest common factor of 477 and w.
53
Let x = -1753 - -1998. What is the highest common factor of x and 1764?
49
Let k(f) = -111*f**3 - 1221*f**2 - 13*f - 17. Let a be k(-11). Calculate the greatest common divisor of a and 224.
14
Let j(g) = g**2 + 4*g - 13. Let r be j(-6). Let y = -10 + r. Let x(n) = n**2 + 6*n - 11. Let a be x(y). What is the highest common divisor of 11 and a?
11
Let o(c) be the second derivative of c**3/6 + 9*c**2 + c. Let n be o(-14). Let s be (8/(-6) + n)/(4/18). Calculate the greatest common divisor of 24 and s.
12
Suppose 124*r = 116*r - 4800. Let g = -592 - r. Calculate the greatest common factor of g and 172.
4
Suppose -5*i - 4*d + 0*d + 50 = 0, 4*i - 31 = -5*d. Let x = i - -11. Let h be 15 - (4 + (-16)/4). Calculate the greatest common factor of h and x.
5
Suppose -54*u + 512 = 80. What is the highest common factor of 256 and u?
8
Suppose -31*g + 6*g = -10086 + 2286. What is the highest common divisor of g and 117?
39
Suppose 5*l = -0*x + 4*x + 195, 4*l + x - 156 = 0. Let h be (-4)/18 - 1416/(-324)*6. Calculate the greatest common factor of l and h.
13
Let m be 27*(342/27)/19. Calculate the highest common factor of m and 1143.
9
Suppose 1302 = -104*v + 135*v. Calculate the greatest common divisor of v and 1456.
14
Let o = 402 + -431. Let c = -747 - -528. Let g = o - c. Calculate the highest common factor of 19 and g.
19
Let l be 316 + (-10)/4*(-156)/65. Calculate the greatest common divisor of 14 and l.
14
Let p(b) = -22*b. Let s be p(-3). Suppose 4*q - 26 = -110. Let y = q + 43. Calculate the greatest common factor of s and y.
22
Let k = 15 - 15. Let s be k - 1 - (-34 + -10). Let h(t) = 41*t**2 + 11*t + 30. Let q be h(-2). What is the greatest common factor of s and q?
43
Let h(y) = -3*y**2 + 2. Let o be h(8). Let r = -120 - o. Let i = -3038 - -3080. What is the greatest common divisor of r and i?
14
Let p(k) = -11*k + 4. Let f(o) = -o + 2. Let h(y) = 2*f(y) - p(y). Let x be h(19). What is the highest common factor of 57 and x?
57
Suppose -k - 22 = -5*k + 5*f, -5*f = -2*k + 16. Suppose -y - p = -27, -k = -2*y + 3*p + 76. Let w = 7132 - 7004. What is the greatest common factor of y and w?
32
Let n = -1077 - -1098. What is the greatest common factor of n and 240?
3
Let k(q) = -2*q**2 - 5. Let g be k(-4). Let l = 44 + g. Suppose -2*z + l*z = 3*d + 268, 20 = 5*d. Calculate the highest common divisor of 7 and z.
7
Let b(n) = 686*n**3 - 3*n**2 - 6*n + 7. Let z be b(1). What is the highest common factor of z and 988?
76
Let h be (57/(-12) + -2)*(-1 - 343/21). What is the greatest common divisor of h and 741?
39
Suppose 2*n + 3*q - 18 = -n, 0 = 4*n + 3*q - 23. Let p(d) = -d**2 + 2*d**2 - 470*d + 10 + 474*d. Let z be p(n). What is the highest common divisor of z and 11?
11
Suppose -4*s + 2117 = d + 2061, -2*s - 38 = -d. Calculate the highest common factor of d and 51216.
44
Let h be (-4)/16 - 122/(-8). Let y be 1945/h + 3 + (-33)/9. Calculate the greatest common divisor of y and 172.
43
Let r be ((-11)/(88/456))/((-3)/9). What is the highest common divisor of 81 and r?
9
Suppose c - 5*n = -0*c + 26, -4*n - 34 = -3*c. Suppose -5*x + 105 = 3*l, l + 77 = -c*x + 9*x. Let p = 142 + -94. Calculate the highest common factor of x and p.
24
Suppose 5*j = 4*f + 9, j = 7*f - 9*f + 13. Let z be (-20)/j - (2 - 32). What is the greatest common divisor of z and 832?
26
Suppose 0*i - 6*i - 947 = -2531. Calculate the highest common factor of 16 and i.
8
Let q(n) = -4*n**3 - 2*n**2 - 3*n - 6. Let x be q(-2). Suppose 4*p - 5*r = 85 + 4, 0 = 3*p + 4*r - 28. Calculate the highest common factor of p and x.
8
Let v = 245 - 234. Suppose 32*a - 8514 = -v*a. What is the highest common divisor of a and 176?
22
Let q = 50 - 82. Let j = q + 33. Let w be j - 2*2 - (-18)/3. What is the highest common factor of 3 and w?
3
Suppose p + 7*o = 12*o + 3, 5*o = 2*p + 4. Let t be (-3 - 0 - p) + (-2 - -11). Suppose 0*a + 2*a - 78 = 0. What is the highest common divisor of t and a?
13
Let d = 13 - 4. Let f(s) = s**2 - 8*s - 2. Let m be f(d). Suppose -h = -4*u - 89, -4*h + 9*h - 379 = -2*u. What is the greatest common factor of h and m?
7
Let x(u) = -942*u - 5319. Let z be x(-6). Suppose 0 = -k + 3*g + 2*g - 174, 4 = -4*g. Let y = z + k. What is the highest common divisor of 14 and y?
14
Suppose 45*t = -47*t + 21*t + 17892. What is the greatest common divisor of 20 and t?
4
Suppose -3*z + 3 = 39. Let x be ((-114)/z)/((-1)/(-2)). Let m be (10/(-135))/((-260)/66690). Calculate the highest common factor of x and m.
19
Let w be ((-702)/(-15))/(70/175). Suppose 5*j - 2*q = 14, -2*j - 2*q = 2*q + 4. Suppose -w = f - j*f. What is the highest common factor of 13 and f?
13
Let s(c) = 4*c**2 - 2*c + 1. Let b be s(-5). Suppose -4*x - b = -295. Calculate the highest common divisor of x and 69.
23
Let g be (2540/(-60))/(-5 + (-264)/(-54)). Calculate the greatest common divisor of g and 2032.
127
Suppose -13*y + 28980 = 22*y. Let j be 1*(-9 + 6) + 39. What is the highest common factor of y and j?
36
Let j(x) = -x**2 - 33*x + 430. Let d be j(-41). Suppose 4*p - 5 = 1423. Calculate the highest common divisor of d and p.
51
Let y(r) = -180*r + 1642. Let t be y(9). Calculate the highest common divisor of t and 1903.
11
Let r(k) = 274*k + 2. Let h be r(2). Suppose 0 = -0*z - 5*z - 3*b + h, 0 = 4*b. Let w = 182 + -160. Calculate the greatest common factor of z and w.
22
Suppose -3*y = y + 5*r - 800, 394 = 2*y + r. Suppose -2*h + 31 = -k, -k + 2319 = 4*h + 2260. Calculate the greatest common factor of h and y.
15
Let f be (50/6)/(1/27). Suppose -d - 4*d + f = 5*b, 135 = 3*d - 3*b. Suppose 301*l - 270 = 514 + 721. Calculate the highest common factor of d and l.
5
Suppose 8*i = -2*i + 40. Suppose i*p + 80 = 3*g + 2*p, 4*g - 2*p = 104. Calculate the greatest common factor of 216 and g.
24
Suppose -86 = -3*q + 2*f - f, -134 = -5*q - 3*f. Let k = -9 + q. Let d = 73 - k. Calculate the highest common divisor of 27 and d.
27
Let k(c) = -1348*c - 274. Let b be k(-3). Calculate the highest common factor of b and 20.
10
Suppose 0 = y - 529 + 142. Suppose 3*n = -3*g + y, -5*g = 5*n - 3*n - 642. Calculate the greatest common factor of g and 16.
16
Suppose 0 = 6*s - 143 - 1897. Suppose 2*u = 108 - 40. Calculate the highest common divisor of u and s.
34
Suppose 3*v + 114 = g, 8 = -5*v + 13. Calculate the highest common divisor of g and 130.
13
Let w be (-6)/(-27) - (-4 + 156/(-27)). Let q(k) = 8*k - 73. Let r be q(w). What is the highest common divisor of 7 and r?
7
Let x(g) = 45*g + 140. Let r(b) = 2*b. Let a(o) = 14*r(o) - 2*x(o). Let w be a(-5). What is the greatest common divisor of w and 690?
30
Let t(n) = n**2 + 36*n + 302. Let p be t(-10). Calculate the greatest common factor of p and 2366.
14
Let m = -4917 + 6954. What is the greatest common factor of m and 21?
21
Suppose 6*j = 5*j - 5*a + 13, -3*j + 13 = 2*a. Suppose 4*l - y = 48, 0 = -j*l - 5*y + 5 + 54. Calculate the highest common divisor of l and 442.
13
Let q(l) = 3*l**2 - 2*l + 15. Let g be q(5). Suppose g = -7*i - 165. Let m = i + 97. What is 